 + 3?
223121
In base 4, what is -2021112 - -2?
-2021110
In base 13, what is -7 + 2a?
23
In base 3, what is -10 - -2210?
2200
In base 14, what is -a + -209?
-215
In base 14, what is -8 - -1a?
12
In base 5, what is -24 - -202?
123
In base 10, what is 197 - -3?
200
In base 3, what is -2 + 212?
210
In base 7, what is 21 - -2144?
2165
In base 14, what is ac + -7?
a5
In base 12, what is 25 - -2?
27
In base 13, what is 131c + -1?
131b
In base 15, what is 1 + 18?
19
In base 16, what is b + -20?
-15
In base 4, what is -3 - -12211?
12202
In base 3, what is -10 - 1110?
-1120
In base 4, what is 331 - 3?
322
In base 11, what is 4 + -915?
-911
In base 8, what is 3 + -255?
-252
In base 5, what is -224 - -10?
-214
In base 2, what is 100 + -1100100?
-1100000
In base 13, what is 8b - a?
81
In base 16, what is 9 - 57?
-4e
In base 10, what is -148 - -7?
-141
In base 4, what is 11 - 1010?
-333
In base 12, what is 154 + 3?
157
In base 8, what is -1036 - -1?
-1035
In base 10, what is -3150 - 4?
-3154
In base 2, what is -100110110101000 - 100?
-100110110101100
In base 12, what is -8a + 65?
-25
In base 14, what is -14a - 1?
-14b
In base 13, what is 8 + 11b5?
11c0
In base 5, what is -404 - 132?
-1041
In base 14, what is 5 + -5?
0
In base 11, what is 7301 - -3?
7304
In base 12, what is 873 - 22?
851
In base 16, what is -374 + -1?
-375
In base 9, what is -534 - 18?
-553
In base 6, what is -152 - 2?
-154
In base 6, what is -22 - -1000?
534
In base 4, what is -110001 - -13?
-103322
In base 10, what is -85 + 3?
-82
In base 10, what is -14 - -15?
1
In base 15, what is -2c9 - 5?
-2ce
In base 7, what is 2 - 112?
-110
In base 8, what is 1 + -343?
-342
In base 4, what is -113 - 22?
-201
In base 7, what is 2 - 14?
-12
In base 10, what is 4 - -339?
343
In base 4, what is -13 + -1120?
-1133
In base 8, what is -4644 - -1?
-4643
In base 12, what is -165 + 9?
-158
In base 14, what is 0 + -211d?
-211d
In base 3, what is 1012 - -10?
1022
In base 6, what is 50 + -11?
35
In base 9, what is -5 + 271?
265
In base 15, what is -5e + -28?
-87
In base 6, what is -5 - -4505?
4500
In base 4, what is 102 - -2213?
2321
In base 12, what is -104 - -2?
-102
In base 14, what is -405 - -8?
-3db
In base 5, what is -1420 - -14?
-1401
In base 12, what is 1373 + 0?
1373
In base 5, what is 0 - -30?
30
In base 8, what is -101 + -476?
-577
In base 15, what is -7 - 7c?
-84
In base 10, what is 0 - 4928?
-4928
In base 3, what is 12000 - -2020?
21020
In base 4, what is -11 - -1203?
1132
In base 11, what is 51 + 0?
51
In base 9, what is 2 + -5?
-3
In base 9, what is 37 - -670?
717
In base 10, what is 22 + -18?
4
In base 6, what is 330451 + 0?
330451
In base 14, what is 2 + -185?
-183
In base 2, what is -1010100 - 100?
-1011000
In base 4, what is 11 - 13013?
-13002
In base 9, what is -1 + 7?
6
In base 13, what is 0 + -354?
-354
In base 6, what is 2 + 501?
503
In base 12, what is 5 - 107?
-102
In base 10, what is 3 + 196?
199
In base 12, what is -3 - -6b1?
6aa
In base 14, what is -a81 - 5?
-a86
In base 16, what is 13d + -5?
138
In base 5, what is 0 - 10211?
-10211
In base 11, what is 1021 + 5?
1026
In base 3, what is 0 - -212122?
212122
In base 7, what is 3 - 520?
-514
In base 9, what is -3 - -23?
20
In base 11, what is 46 - 203?
-168
In base 4, what is -3 + -100112?
-100121
In base 5, what is -1 - -30424?
30423
In base 13, what is 23 - 3?
20
In base 14, what is 4 + 38?
3c
In base 3, what is 20011 + -1?
20010
In base 3, what is -10100 + 11001?
201
In base 13, what is 4 + -8a?
-86
In base 16, what is 1 - -1b?
1c
In base 13, what is 19b0 - -2?
19b2
In base 6, what is -3 + -351?
-354
In base 11, what is 3 - 2a?
-27
In base 10, what is -127 + 1?
-126
In base 3, what is 2 - 1001?
-222
In base 4, what is -30 - 2130?
-2220
In base 14, what is -3264 + -3?
-3267
In base 10, what is 24 - -350?
374
In base 7, what is -2226 + 10?
-2216
In base 14, what is -23 + -11?
-34
In base 16, what is -2 - 2e?
-30
In base 9, what is -2 - 346?
-348
In base 15, what is d68 + -5?
d63
In base 16, what is 152 + -1?
151
In base 2, what is 10001110 - 0?
10001110
In base 6, what is -21540 + -5?
-21545
In base 15, what is -19 - -28?
e
In base 15, what is 2 - 3ec?
-3ea
In base 10, what is 392 - 5?
387
In base 7, what is -333 - -12?
-321
In base 12, what is -5 - -84?
7b
In base 10, what is 109 + 2?
111
In base 11, what is -2 + 4a9?
4a7
In base 10, what is -3 + 14?
11
In base 12, what is 35 - -11?
46
In base 2, what is -11 - -100011011?
100011000
In base 10, what is 7 + -19?
-12
In base 4, what is 2103123 - 3?
2103120
In base 13, what is -7 - -16?
c
In base 14, what is -2a - 4?
-30
In base 16, what is b0 + 1a?
ca
In base 14, what is -6c - -1?
-6b
In base 9, what is 0 - 42?
-42
In base 12, what is -5 - -586?
581
In base 4, what is 3301311 - 0?
3301311
In base 12, what is -674b - 3?
-6752
In base 7, what is 0 - -220?
220
In base 9, what is 7352 + -2?
7350
In base 7, what is -4 + 45?
41
In base 7, what is 4 + 64?
101
In base 15, what is -2918 + 3?
-2915
In base 4, what is 203 + 11103?
11312
In base 16, what is 6e + -2?
6c
In base 12, what is 7 + -597?
-590
In base 2, what is 0 - -10001111010?
10001111010
In base 9, what is -141 - -23?
-117
In base 13, what is 7b - 39?
42
In base 3, what is -10122012 - 12?
-10122101
In base 3, what is -1101 + 1?
-1100
In base 3, what is 2011 - -220?
10001
In base 15, what is 11 + -e?
2
In base 5, what is -4 + 1031?
1022
In base 10, what is -352 + -1?
-353
In base 12, what is 43 + -5?
3a
In base 10, what is -54 - 1?
-55
In base 4, what is 32 + 0?
32
In base 6, what is -13 - 1421?
-1434
In base 14, what is -13b2 - 0?
-13b2
In base 7, what is -2 - -1133?
1131
In base 6, what is -1453 - -3?
-1450
In base 11, what is -9 - 182?
-190
In base 3, what is 101 + -20?
11
In base 15, what is 1 + 4?
5
In base 10, what is -12 - 6?
-18
In base 12, what is -4 - -175?
171
In base 3, what is 210 + 22?
1002
In base 4, what is 233 + 1?
300
In base 6, what is 1443 - -2?
1445
In base 8, what is 25 + 107?
134
In base 15, what is -1 + -12?
-13
In base 4, what is -2101 - 12?
-2113
In base 13, what is 29 + -1?
28
In base 15, what is 211 - 16?
1ea
In base 7, what is 1 - -464?
465
In base 6, what is -15 + 4424?
4405
In base 3, what is 100010 + 11?
100021
In base 2, what is -101 - -101101?
101000
In base 9, what is 2350 + -3?
2346
In base 10, what is 1622 + -12?
1610
In base 11, what is -4 + -1a?
-23
In base 8, what is 10 + -5?
3
In base 14, what is -149 + 4?
-145
In base 15, what is -18 + -a?
-23
In base 10, what is -8 + 71?
63
In base 3, what is 110021 - -1?
110022
In base 7, what is -4 + -26225?
-26232
In base 10, what is 110 - 16?
94
In base 3, what is -20 + -222?
-1012
In base 13, what is -1267 + 4?
-1263
In base 11, what is 73 + 1?
74
In base 5, what is 110 - -131?
241
In base 5, what is -1 + -2413?
-2414
In base 8, what is -176 - -1?
-175
In base 15, what is 42 - -c?
4e
In base 2, what is -110000000111 + -100?
-110000001011
In base 12, what is -4 - 205?
-209
In base 15, what is -108 - 73?
-17b
In base 2, what is -1101110100111 + -101?
-1101110101100
In base 9, what is 38 + -12?
26
In base 4, what is 11 + 1220?
1231
In base 7, what is -16 - -534?
515
In base 9, what is 2265 + -5?
2260
In base 16, what is 9 + -49?
-40
In base 6, what is 1234 - 4?
1230
In base 9, what is -4 - -2544?
2540
In base 15, what is -4 - 73?
-77
In base 12, what is 4 + -a8a?
-a86
In base 13, what is -27 - 3?
-2a
In base 16, what is -1c + 31?
15
In base 5, what is -40441 - -10?
-40431
In base 7, what is 336 - -1?
340
In base 2, what is -1011110 + -10111?
-1110101
In base 10, what is 1 + 21?
22
In base 12, what is 3 + -16?
-13
In base 6, what is 54 - -1?
55
In base 5, what is -2231 - -13?
-2213
In base 2, what is -11101001 - 100?
-11101101
In base 14, what is 5 - 1976?
-1971
In base 4, what is -20 - 1223?
-1303
In base 16, what is 255 - 5?
250
In base 9, what is -16 + 77?
61
In base 12, what is -3 + -21?
-24
In base 4, what is 3 - 3301?
-3232
In base 11, what is 21a - -4?
223
In base 16, what is d + -112?
-105
In base 13, what is -30 - 2?
-32
In base 9, what is 486 - -13?
510
In base 13, what is 0 - a?
-a
In base 7, what is 1 - -22?
23
In base 3, what is 221 + 102?
1100
In base 3, what is -111200 - 2?
-111202
In base 14, what is da + -3?
d7
In base 15, what is 3 + -1478?